e factors of j?
3, 17
Let z = 3394 + -1501. List the prime factors of z.
3, 631
Suppose -16*v + 82423 = -34729. What are the prime factors of v?
2, 7, 523
Let l(i) = 9*i - 2. Let f be l(1). Suppose r - 5 = -f. Let q = 8 + r. List the prime factors of q.
2, 3
Let l(p) = -p**3 + p**2 + 1. Let t(o) = 73*o**3 + o**2 + 3*o + 5. Let d(h) = l(h) - t(h). List the prime factors of d(-1).
73
Suppose 0 = -6*h + 633 + 147. Let o = -5 - h. What are the prime factors of (5 - o/(-25)) + 737/5?
3, 7
Let n(c) = -25*c - 7. Suppose -w + 3 - 12 = 0. Let g be (-2)/(-9) + (20/w - 5). What are the prime factors of n(g)?
2, 3, 7
Let v = 38 + -34. Suppose -30 = 3*d + 2*d - v*s, -s = 0. Let n(g) = 3*g**2 + 14. What are the prime factors of n(d)?
2, 61
Let i = -119 + 121. What are the prime factors of i/(2/(-556)*-4)?
139
Suppose 2*k + 2*g = -2, -k - 9*g + 7*g = 6. Suppose 0 = 2*b - 3*b + 2*i + 159, -k*b + 5*i + 633 = 0. List the prime factors of b.
157
Let d be (-40)/60 - 61/3. Let a(p) = -p**2 - 37*p - 34. What are the prime factors of a(d)?
2, 151
Let r(q) = 91*q**2 + 45*q + 248. List the prime factors of r(16).
2, 3, 337
Let i(j) = 5951*j**3 + 4*j - 3. Let d be i(1). Suppose d = 13*m + 3*m. What are the prime factors of m?
2, 3, 31
Suppose b = o - 3790, -o + 4999 = -5*b + 1233. List the prime factors of o.
2, 13, 73
Suppose -l - 117 = -4*b, 6*b + l = b + 153. What are the prime factors of b/(-75) + 10866/15?
2, 181
Let y be (-1356)/(-18)*(-1 + 1 + 3). Let l = y - 131. What are the prime factors of l?
5, 19
Let z be -6*(-84)/(-112)*4/(-6). List the prime factors of 1734 - 55 - z*1.
2, 419
Let p(f) be the second derivative of 0 + 7/4*f**4 + 5*f + 5*f**3 - 3/2*f**2 + 1/20*f**5. What are the prime factors of p(-19)?
149
Let b = -19 + 47. Suppose 1855 = b*f - 1225. What are the prime factors of f?
2, 5, 11
Suppose -3678 = -5*z + 447. What are the prime factors of 3 + z/10*12/5?
3, 67
Suppose -2*c = 10, 0 = -3*b + 6*b - 5*c - 37. Let m be (-1)/(6/b) - (-4340)/84. List the prime factors of 6/m + 5604/51.
2, 5, 11
Let a(g) = g**3 - 3*g**2 - 19*g - 12. Let o be a(6). What are the prime factors of -5*(1077/(-12) - o/24)?
5, 89
List the prime factors of (-34)/136 + 4521/4 + -4.
2, 563
Suppose a - 210 = -14*a. Let v(u) = -u**3 + 13*u**2 + 14*u + 29. List the prime factors of v(a).
29
Let d(o) be the third derivative of o**5/12 - 5*o**4/24 + 11*o**3/6 + 8*o**2. List the prime factors of d(-9).
461
Let t = -3583 + 3632. Let m be 3/(2 - (-2)/(-2)). Suppose m*q = -t + 196. What are the prime factors of q?
7
Let y = -70 + 72. Suppose 374 = y*s - 2*v, -2*s + 3*s - 187 = 4*v. Let g = s - 9. What are the prime factors of g?
2, 89
Let l(u) = 2*u**2 - 10*u + 22. Suppose -8 = -4*j - 2*p, 3 + 4 = 5*j + p. Let w(k) = k**2 - k - 1. Let n(c) = j*w(c) + l(c). What are the prime factors of n(9)?
3, 5, 11
Let a = -94869 + 154408. What are the prime factors of a?
59539
Let h = 13718 + 4900. What are the prime factors of h?
2, 3, 29, 107
Let r = 2177 + -1302. Suppose 5*l + r = 5535. List the prime factors of l.
2, 233
Let n(s) = -11*s**3 - 17*s**2 + 7*s + 29. Let j(w) = 8*w**3 + 11*w**2 - 5*w - 19. Let p(l) = -8*j(l) - 5*n(l). List the prime factors of p(-3).
2, 13
Let o(l) = -4*l + 12. Suppose -29 = 5*j + 251. Let g be (j/35)/((-4)/(-10)). What are the prime factors of o(g)?
2, 7
Suppose -40*v + 199261 + 98107 = -39152. List the prime factors of v.
47, 179
Suppose -1282650 = -119*y + 541739. List the prime factors of y.
15331
Let j(f) = -44*f**3 + 7*f**2 + 8*f + 30. List the prime factors of j(-5).
5, 11, 103
Let s = 34128 + -17755. List the prime factors of s.
7, 2339
Let n = -60 + 27. Let p be 8/14 + n/(-77) - 3. What are the prime factors of p/(-6)*6 - (1 - 237)?
2, 7, 17
Suppose 0 = 6*h + h - 21347 - 84577. List the prime factors of h.
2, 3, 13, 97
Let i = -1439 - -1440. Let s = -764 - -1559. List the prime factors of i/7 - s/(-21).
2, 19
Let r(g) = 901*g**2 + 56*g + 401. List the prime factors of r(-6).
7, 4643
Suppose 0 = -0*n + 4*n + m + 3, -2*m - 6 = 5*n. Suppose n = -y + 13 - 9. Suppose -2*f = -4*q + 438, -5*q + y*f = -f - 545. List the prime factors of q.
2, 5, 11
Suppose 8 = 5*n - 3*n, 5*f + 5*n = 114635. List the prime factors of f.
3, 283
Suppose -740789 = -27*z - 128807. What are the prime factors of z?
2, 7, 1619
Let b = 118 + 51. Let p = b + -317. Let j = p + 237. List the prime factors of j.
89
What are the prime factors of 9/(-81)*2 + (-4)/((-108)/35997)?
31, 43
Let t = -1145 - -703. Let y = 508 + t. List the prime factors of y.
2, 3, 11
Suppose -3*d + 1445 = 2*h, d = h + 237 + 243. Suppose d = 6*z - 2123. List the prime factors of z.
2, 7, 31
List the prime factors of (-5)/20*(-62057 - 11).
59, 263
What are the prime factors of 38 + 273 + (-5)/(3/(-3))?
2, 79
Let p(i) be the second derivative of -i**5/20 - i**4/6 + 2*i**3/3 - i**2 - 3*i. Let s be p(-3). What are the prime factors of -1 + s/(-5) - -49?
7
Suppose 6*v = -5*w + 11*v + 49555, 9890 = w + 2*v. List the prime factors of w.
2, 619
Suppose 4*k + 3*f = 12328, -6*f + 12 = -9*f. Let t be ((-2)/(-6))/((-1)/(-42)). Suppose t*w + 215 = k. What are the prime factors of w?
5, 41
Let o(q) = q**3 - 31*q**2 + 38*q - 16. Let v be o(30). Suppose v = 4*i - 868. What are the prime factors of i?
3, 7, 13
Let f = -7 + -2. Let t = -64 - f. Let v = 33 - t. List the prime factors of v.
2, 11
Let j = -6 + 6. Let c(w) = 34*w - 73. Let o be c(5). Suppose j = 94*t - o*t + 408. List the prime factors of t.
2, 17
Let p(k) = 11*k**2 - 23*k - 371. What are the prime factors of p(-44)?
21937
Suppose 73*r - 26*r - 2687601 = -94*r. List the prime factors of r.
7, 389
Let q = -382 + 706. List the prime factors of q - ((0 - -10) + -6).
2, 5
Suppose -2*c + 2*i - 34642 = -5*c, c + 4*i - 11534 = 0. Suppose 28*r = 7*r + c. List the prime factors of r.
2, 5, 11
Suppose b + 0*b - 3*j - 3084 = 0, 3*b - 9247 = 4*j. Suppose 17*s + b = 20*s. List the prime factors of s.
13, 79
Suppose -4*g + 2*g = -5*x - 1, 4*x - 12 = 0. Suppose t - 10 = -t. Suppose -t*o = -g*o + 492. List the prime factors of o.
2, 41
Let u = 4109 - 2760. What are the prime factors of u?
19, 71
List the prime factors of (32817 - (1 - 15)) + 11.
2, 16421
Suppose 108 = -3*c + 2*n, -2*c - n - 62 = n. Let v = 37 + c. What are the prime factors of v?
3
Let c(q) = 1007*q - 385. List the prime factors of c(15).
2, 5, 23
Let c be 14 - (-5 + 15) - (-1288)/(-2). Let j = c + 1294. What are the prime factors of j?
2, 3, 109
List the prime factors of -22 - 2640/(-121) - 456086/(-22).
20731
Let x be -5 + 9 - (3 - (-332)/4). Let c = 83 + x. What are the prime factors of (-7 - -264)/(1/c)?
257
Suppose -6218 = 8*x - 31818. What are the prime factors of x?
2, 5
Suppose 17*d + 17941 = 60424. Suppose 17*x - d = 10*x. What are the prime factors of x?
3, 7, 17
Let n = 4886 - 4432. List the prime factors of n.
2, 227
Suppose 2*n - 26 = -4*v, -4*n - 1 = -4*v + 7. Suppose -b + v*i + 1750 = 4*b, -5*i = -4*b + 1404. What are the prime factors of b?
2, 173
Suppose 22332 = 2*j + 4*r, 8861 = 3*j + 5*r - 24636. List the prime factors of j.
2, 2791
Suppose 44698 = 4*g + 2*j, 9*g + 4*j - 44700 = 5*g. List the prime factors of g.
2, 37, 151
Let j be (-21)/(-3)*2/7. Suppose -10 = -2*x + j*d, x + 3*d - 1 = -4. Suppose -195 = -5*r + 2*v - 0*v, -2*r + 78 = x*v. List the prime factors of r.
3, 13
Let d(v) = -11*v**3 + 2*v + 6. Let x be d(-3). Suppose 4*h + x = 7*h. List the prime factors of (-18)/(((-9)/(-12))/(h/(-24))).
3, 11
Let u(v) = 10*v**3 - 8*v**2 + 140*v - 23. List the prime factors of u(10).
7, 1511
Let c = 211 - -7131. What are the prime factors of c?
2, 3671
Suppose 0 = -2*w + 3*t + 791 + 266, w - 526 = t. Suppose 8*u - 2649 = -w. List the prime factors of u.
2, 7, 19
Let c be (-3)/6*5*6/(-5). Suppose -c = s - 237. List the prime factors of s.
2, 3, 13
Let p = -38 - -43. Suppose -189 = -p*s - 4*s. Suppose -4*k = -3*t - 13 + 48, 2*t - s = 5*k. List the prime factors of t.
13
Suppose -11*x - 9*x = 12880. Let o = -436 - x. List the prime factors of o.
2, 13
Let v = -229 - -331. Suppose -7*q = v - 8229. What are the prime factors of q?
3, 43
Let u(c) = -6*c + 691*c**3 - 2*c - 5 + 14 - 690*c**3 + 2*c**2. List the prime factors of u(-4).
3
Let d = -367 + 651. Suppose 4*i + j + 290 = 0, 4*i - 2*j = -0*i - d. List the prime 